.
1
Let f(l) = 4*l - 34. Let q be f(7). Let n(m) = m + 7. What is n(q)?
1
Suppose -1 - 4 = -i. Let x(o) = o**2 - 7*o + 7. Let d be x(i). Let v(u) = 1 - u**2 + u + u - 3*u + 0*u. Calculate v(d).
-5
Let i(q) = -3*q**2 + 5*q + 1. Let s(v) be the first derivative of 7*v**3/3 - 5*v**2 - 3*v + 5. Let y(f) = -5*i(f) - 2*s(f). What is y(3)?
-5
Let f(x) = -x**3 + 6*x**2 + 7*x - 3. Suppose -30*h + 36*h = 24. Let g = -6 + 10. Suppose h*n - 19 = 2*n - d, -3*d = g*n - 43. Give f(n).
-3
Let l(z) = 6*z + 9. Let h be l(-6). Let b = -24 - h. Suppose 0 = b*t + 15 - 21. Let o(f) = -2*f**3 + 4*f**2 - 3*f. Determine o(t).
-6
Suppose 2*a - 6*a = 2*u + 2, -u + 4*a = -11. Let g(n) = 2*n + 4 + 4*n**3 - 3*n**u - 6*n - 3 - 2*n**2. Determine g(3).
-2
Let j(i) = -i**3 - i**2 - 8. Suppose -3*z + 164 = -5*z. Let k = -82 - z. Determine j(k).
-8
Let k(i) be the second derivative of 2*i**3/3 - 7*i - 2. Calculate k(-1).
-4
Suppose 6*t - 14 = 4. Let q(l) = -l**t + 3*l + l + 2*l**2 - 2 + 3*l**3 - 6*l**2. Calculate q(2).
6
Let n(z) = -26*z + 13. Let u(v) = 9*v - 4. Let c(x) = -6*n(x) - 17*u(x). Suppose -5*j - 43 = -4*k, 4*k - 2*k - 5*j - 29 = 0. Determine c(k).
11
Let p be 90/150 - 84/(-10). Let c = 7 - p. Let d(k) = -3*k - 2. What is d(c)?
4
Let n = -61 - -116. Let f(b) = 1 - n*b + 53*b + 7. Calculate f(-8).
24
Let v(g) = -g**2 + 10*g + 5. Suppose 15 = 77*n - 74*n - 5*q, -5*q = -5*n + 35. What is v(n)?
5
Let d(t) = -t**2 - 15*t - 24. Let w(u) = u**2 + 14*u + 22. Let z(n) = 6*d(n) + 7*w(n). What is z(-4)?
-6
Let c(i) be the first derivative of 7 - 2*i + 0*i**2 + 1/4*i**4 - 8/3*i**3. Determine c(8).
-2
Let u(k) be the third derivative of -k**4/3 - 14*k**3/3 + 2*k**2. Let d(j) = -5*j - 14. Let g(f) = -5*d(f) + 3*u(f). What is g(0)?
-14
Suppose n + i - 6 = 0, -5*n - 2 = -4*i + 13. Let c(w) = 4*w - 3*w + 4*w - n - 4*w. Determine c(-5).
-6
Let c(g) = 14*g**3 - 22*g**2 - 39*g - 34. Let z(x) = 5*x**3 - 7*x**2 - 13*x - 11. Let r(p) = -4*c(p) + 11*z(p). Give r(12).
27
Suppose 2*g + 8 = 4*x, 2*x - 5 + 3 = 0. Let o(l) = -4 - l**2 - l**2 + 2 - 4*l. Calculate o(g).
-2
Let k(t) = -5*t**2 + 1. Let n = -25 - -39. Suppose 4*x = 6*x + 4*m - n, 0 = -3*x + 4*m - 19. Give k(x).
-4
Let a(r) = -96*r + 90. Let s be a(1). Let z(w) = -2*w**2 - 14*w + 2. Calculate z(s).
14
Let h(n) be the second derivative of n**5/20 + n**4/12 + n**3/3 + n**2 - n - 164. Let o = 2 - 4. What is h(o)?
-6
Suppose -187*j = -181*j - 66. Let p(a) = -a**2 + 7*a + 22. Calculate p(j).
-22
Let m(s) = 183*s**2 + 3*s**3 + 2 - 178*s**2 - 2*s - 1 + 2*s**3 - 6*s**3. Give m(5).
-9
Let v(b) = 7*b**2 + 11*b + 7. Let w(z) = -3*z**2 - 5*z - 3. Suppose -15 = -5*m, -4*f - 14 = -8*f + 2*m. Let i(g) = f*w(g) + 2*v(g). Determine i(-3).
-1
Let l(m) = -12*m + 1. Let f(v) = v. Suppose -13 = -3*u + 4*r, -u - 6*r = -r + 21. Let h(p) = u*l(p) - 3*f(p). Calculate h(-1).
-10
Let b(y) = 5*y**2 - 1. Suppose 3*m = 2*t + 19, 2*m + t - 14 - 1 = 0. Let j be (-1 - m*-3) + 1. Suppose -4*q + 3*o - 8*o = -j, 4*q - 11 = -3*o. What is b(q)?
4
Let k = 2 - 4. Let i(t) = 9*t - 8. Let r(f) = f - 1. Let p(w) = -3*i(w) + 21*r(w). Let o(s) = 4*s - 2. Let m(v) = -8*o(v) - 5*p(v). Give m(k).
5
Let t(z) = -2*z + 3. Let o(i) = -2*i + 2. Let f(n) = -4*o(n) + 3*t(n). Let r(a) = 5*a + 1. Let q(w) = 7*f(w) - 3*r(w). Suppose 3*b = 7*b. Give q(b).
4
Let i(c) be the first derivative of 13*c**4/24 - c**3/2 - 7*c**2 - 9. Let w(n) be the second derivative of i(n). Determine w(2).
23
Let v(h) = -33*h**3 + 2*h**2 + 2*h + 1. Let u = -1227 + 1226. Calculate v(u).
34
Suppose -3*y = 3*h - 2*h - 9, 0 = 5*y - 4*h - 15. Let x = -52 + 57. Let p(i) = 0*i + 2 + 4*i - x*i. What is p(y)?
-1
Let w(r) = 102 - r + r**2 - 48 - 48 - 5*r. Give w(7).
13
Let q(f) = f**3 + f**2 - f + 3. Suppose 15*c - 11*c - 11 = -y, 0 = -4*c - 4*y + 8. Determine q(c).
36
Let p(f) = f**3 + 5*f**2 + 3*f + 1. Let y be (-8)/(-12)*33*(2 - 1). Let x be ((-57)/38)/(y/16 - 1). What is p(x)?
5
Let o(f) = f**3 - 3*f**2 - 6*f + 5. Let m be (-212)/((-16)/(-4)) + 3. Let k = m - -54. Give o(k).
-3
Let r(o) be the first derivative of 4/3*o**3 - o**2 + 2*o - 1/4*o**4 + 4. Let p be 1 + (-6)/3 + 5. Give r(p).
-6
Let u(y) be the first derivative of y**4/4 + 2*y**3 + 2*y**2 - 3*y - 4. Let c be ((-32)/24)/((-4)/(-6)). Let n be 3 + -5 + (c - 0). Determine u(n).
13
Let k(l) = l**3 - 10*l**2 + 9*l + 8. Let h = 18 + -15. Let o be 132/16 + h/4. What is k(o)?
8
Let i = -4 - -4. Let t(o) = o**3 + 2*o**2 - o. Let p be t(i). Let j(n) be the first derivative of -n**4/4 - n**2/2 + 8*n - 1. Calculate j(p).
8
Suppose 1 = -z - 2. Let x(i) be the second derivative of -1/20*i**5 + 25*i + 1/3*i**3 + 0 - 1/4*i**4 - i**2. Give x(z).
-8
Let c(w) = w**2 + w - 1. Let p = 375 - 377. Determine c(p).
1
Let h(d) be the first derivative of d**3/3 - d**2 - 7. Calculate h(-3).
15
Let y(j) be the third derivative of j**7/5040 + j**6/144 + 4*j**5/15 + 14*j**2. Let v(s) be the third derivative of y(s). Calculate v(-3).
2
Suppose -11*y = -13*y + 176. Let b(j) = 5*j**3 - 9 + y*j - 80*j - 4*j**3 - 8*j**2. Calculate b(7).
-2
Let p(v) = -v**3 + 6*v**2 - 3*v - 2. Let u(m) = -2*m**3 - 19*m**2 - 10*m. Let o be u(-9). Suppose o*t - 42 = 3. What is p(t)?
8
Let v(r) = 2*r - 1. Let g(u) = -11*u + 3. Let y(w) = g(w) + 5*v(w). Determine y(-8).
6
Let a be -2 + ((-12)/(-10))/((-12)/(-40)). Let v(m) = m. Let l be v(2). Let j(u) = a*u - 5 - 3*u + l*u. Calculate j(0).
-5
Let q = -34 - -41. Suppose 4*i + q - 3 = 0. Let p(j) = 3*j**2. Calculate p(i).
3
Suppose -4*k - 4*t + 19 = -1, 5*t = 0. Let o(u) = -k*u + u**3 + 3 + 7*u**2 - 8 - 13*u**2 + 9*u**2. Calculate o(-4).
-1
Let w(k) = -k + 5. Suppose -86 = -l - 92. Calculate w(l).
11
Let d(b) = b - 2. Let k = 7 + -5. Suppose -2 + 0 = -k*a. Suppose -a = -v + 3. Give d(v).
2
Let a(u) = -u + 5. Let l(b) = -2*b + 5. Let p(r) = 5*a(r) - 4*l(r). Give p(-8).
-19
Let b(r) = -r**2 - 11*r - 7. Let y be 32/(-3) + 56/(-168). What is b(y)?
-7
Let d(j) be the first derivative of -j**3 - j**2/2 + 2*j + 1. Suppose -16 = 4*u + 877*b - 873*b, -4*u = 3*b + 10. Determine d(u).
-12
Let r = -3 + -2. Let f(s) = 9*s + 3. Let i(l) = 20*l + 5. Let y(t) = -9*f(t) + 4*i(t). Calculate y(r).
-2
Let m(o) = -o - 2. Let v = 199 + -201. Calculate m(v).
0
Let a(g) be the first derivative of g**4/6 + g**3/3 + 13*g**2/2 + 37. Let o(u) be the second derivative of a(u). What is o(5)?
22
Let t(g) = -g**3 - 8*g**2 - 8*g - 8. Let y(p) = 8*p**3 + p**2 - 1 + p**2 + 0*p**2. Let z be -5 + (4 + 1 - 1). Let f be y(z). Determine t(f).
-1
Let l = 1366/3 - 455. Let c(j) be the first derivative of 8 - j**2 + 0*j + l*j**3. Calculate c(-2).
8
Let y(l) = 2 - 51*l**2 + 8 - 43*l**2 - 10*l + 92*l**2. What is y(-6)?
-2
Let z(v) be the second derivative of -v**7/1260 + v**6/360 + v**5/60 - 13*v**4/6 - 32*v + 1. Let g(d) be the third derivative of z(d). Give g(3).
-10
Let d(i) be the first derivative of 1/2*i**2 + 6 + 7*i. What is d(6)?
13
Suppose 552*o + 33 = 549*o. Let w(p) = -p**3 - 11*p**2 + p - 16. Calculate w(o).
-27
Let f(r) = -6*r**3 + r**2 - r + 1. Let u = 544 + -543. Give f(u).
-5
Let j(x) = -2*x**2 + 8*x - 11 + 23 - 4*x**2 - 13 - 8 + x**3. Calculate j(5).
6
Let s be (135/90)/(0 - 3/38). Let b(m) = -m**3 - 18*m**2 + 18*m - 25. What is b(s)?
-6
Suppose 0 = -7*c + 5*c + 50. Let i(y) = 2*y + 27 - c - 3*y. Calculate i(2).
0
Let s be (2/(-6))/(5/(-3930)). Suppose p - 49 = 4*v - 1107, s = v + p. Let m(c) = -264*c + 2 - c**2 + v*c. Give m(-3).
-7
Let v(l) = -l**2 - 2*l - 2. Let x = 58 + -58. Let z be v(x). Let h(w) = -2*w - 2. Calculate h(z).
2
Let d = 4 - 9. Let c be (2 - -2) + 2 + -5. Let f(r) = 7*r + 1. Let v(n) = n. Let j(u) = c*f(u) + d*v(u). Determine j(3).
7
Suppose -5*o = -7*o - 5*x - 9, 0 = o + 2*x + 4. Let z(v) = -1 - 31*v + 32*v - 1. What is z(o)?
-4
Let v(o) = 2*o**2 + o - 4. Let i = 150 - 87. Suppose 21*n + 0 = -i. What is v(n)?
11
Let c(g) = -5*g + 5. Suppose o + 82 = -s, -s = 2*s - 4*o + 232. Let h be 9/(-6)*s/(-30). What is c(h)?
25
Let o(f) = f**2 + 2*f + 10. Suppose 4*t = 3*r - 3, t + 378 - 373 = 5*r. Determine o(t).
10
Suppose -4*x - 3*y = -7*x - 18, 0 = -2*x + y - 12. Let i(q) = -5*q - q - 4 + 4*q. Let w(u) = 2*u + 4. Let b(j) = x*w(j) - 5*i(j). Determine b(-6).
8
Let g(f) = f**3 - 6*f**2 + 27*f + 5. Let a(i) = i**3 - 7*i**2 + 25*i + 5. Let l(q) = -7*a(q) + 6*g(q). What is l(12)?
-17
Let